107687522?
1
What is the units digit of 355194768?
8
What is the thousands digit of 344370885?
0
What is the hundred millions digit of 459663678?
4
What is the ten thousands digit of 17838322?
3
What is the thousands digit of 62026648?
6
What is the hundred millions digit of 1099665457?
0
What is the ten millions digit of 41033606?
4
What is the units digit of 109318114?
4
What is the ten thousands digit of 384907443?
0
What is the hundred millions digit of 209883372?
2
What is the millions digit of 19796189?
9
What is the hundreds digit of 58540367?
3
What is the hundreds digit of 21391470?
4
What is the millions digit of 3800087?
3
What is the thousands digit of 493411519?
1
What is the units digit of 59217538?
8
What is the tens digit of 15296123?
2
What is the hundred thousands digit of 8344415750?
4
What is the ten millions digit of 744335901?
4
What is the thousands digit of 107093430?
3
What is the ten thousands digit of 342167126?
6
What is the ten thousands digit of 968371323?
7
What is the thousands digit of 42831584?
1
What is the hundreds digit of 605772611?
6
What is the hundreds digit of 2202643889?
8
What is the units digit of 233977352?
2
What is the millions digit of 53341958?
3
What is the hundred millions digit of 111218632?
1
What is the ten millions digit of 45558153?
4
What is the ten millions digit of 118974752?
1
What is the hundreds digit of 760864995?
9
What is the hundreds digit of 54745665?
6
What is the hundred thousands digit of 5316149645?
1
What is the thousands digit of 54245779?
5
What is the hundreds digit of 177647870?
8
What is the ten millions digit of 279976289?
7
What is the ten thousands digit of 4499018874?
1
What is the hundred thousands digit of 160925335?
9
What is the hundred millions digit of 2760464547?
7
What is the units digit of 67270161?
1
What is the hundred millions digit of 1169211234?
1
What is the tens digit of 91969907?
0
What is the millions digit of 112403783?
2
What is the hundred millions digit of 254547856?
2
What is the hundred thousands digit of 92263132?
2
What is the hundred millions digit of 738271282?
7
What is the billions digit of 4172224183?
4
What is the hundreds digit of 11436912?
9
What is the hundreds digit of 1442356?
3
What is the billions digit of 1282155557?
1
What is the ten thousands digit of 17643156?
4
What is the ten thousands digit of 118549553?
4
What is the ten thousands digit of 113681748?
8
What is the thousands digit of 6345966?
5
What is the ten thousands digit of 36690734?
9
What is the tens digit of 120419328?
2
What is the units digit of 753604325?
5
What is the ten millions digit of 1059859700?
5
What is the millions digit of 268113791?
8
What is the ten millions digit of 260217547?
6
What is the thousands digit of 5057114692?
4
What is the millions digit of 1111502649?
1
What is the ten thousands digit of 555538445?
3
What is the hundreds digit of 280650700?
7
What is the ten thousands digit of 755737789?
3
What is the millions digit of 123781899?
3
What is the tens digit of 336536233?
3
What is the hundreds digit of 149203631?
6
What is the units digit of 42987652?
2
What is the ten thousands digit of 155633529?
3
What is the hundreds digit of 1221667848?
8
What is the ten millions digit of 140173449?
4
What is the ten millions digit of 41038153?
4
What is the units digit of 1750992389?
9
What is the hundred thousands digit of 221240173?
2
What is the tens digit of 260542921?
2
What is the thousands digit of 2805745552?
5
What is the thousands digit of 31295151?
5
What is the hundreds digit of 393309571?
5
What is the tens digit of 973389610?
1
What is the thousands digit of 3558773525?
3
What is the thousands digit of 38654766?
4
What is the hundreds digit of 13290844?
8
What is the thousands digit of 66153110?
3
What is the ten millions digit of 2249589172?
4
What is the millions digit of 30395314?
0
What is the hundred thousands digit of 4091648?
0
What is the ten millions digit of 136110024?
3
What is the ten millions digit of 75369176?
7
What is the units digit of 237785888?
8
What is the units digit of 12582095?
5
What is the hundred thousands digit of 213221728?
2
What is the hundred thousands digit of 151561330?
5
What is the millions digit of 210669447?
0
What is the hundreds digit of 20120024?
0
What is the millions digit of 175744023?
5
What is the hundred thousands digit of 19465432?
4
What is the ten millions digit of 733450526?
3
What is the ten millions digit of 332934647?
3
What is the hundred thousands digit of 51961609?
9
What is the tens digit of 23104378?
7
What is the ten millions digit of 270724184?
7
What is the ten millions digit of 61300313?
6
What is the millions digit of 1581615331?
1
What is the millions digit of 194284660?
4
What is the millions digit of 4350117720?
0
What is the millions digit of 89990343?
9
What is the ten millions digit of 516802054?
1
What is the hundred thousands digit of 40854988?
8
What is the hundred millions digit of 149269408?
1
What is the thousands digit of 332487039?
7
What is the ten millions digit of 109626427?
0
What is the ten millions digit of 691860487?
9
What is the units digit of 21572924?
4
What is the millions digit of 467183595?
7
What is the units digit of 58300053?
3
What is the tens digit of 1611924308?
0
What is the units digit of 204978397?
7
What is the hundred thousands digit of 31674256?
6
What is the ten thousands digit of 1215380949?
8
What is the hundreds digit of 544792124?
1
What is the hundred thousands digit of 29656203?
6
What is the hundred millions digit of 4491826872?
4
What is the units digit of 662561025?
5
What is the units digit of 425806483?
3
What is the millions digit of 649674437?
9
What is the thousands digit of 117847311?
7
What is the millions digit of 129858677?
9
What is the ten thousands digit of 2296586015?
8
What is the millions digit of 5264901058?
4
What is the hundreds digit of 2713981933?
9
What is the ten thousands digit of 6772280521?
8
What is the hundred thousands digit of 1476285101?
2
What is the thousands digit of 130667545?
7
What is the hundred thousands digit of 1443478576?
4
What is the hundred millions digit of 114763011?
1
What is the tens digit of 1884474724?
2
What is the hundreds digit of 18128620?
6
What is the units digit of 1470420156?
6
What is the hundred millions digit of 110595271?
1
What is the tens digit of 1273739873?
7
What is the ten millions digit of 3364806273?
6
What is the hundred thousands digit of 288363558?
3
What is the millions digit of 1228104?
1
What is the thousands digit of 406970112?
0
What is the thousands digit of 223184257?
4
What is the hundred thousands digit of 54612621?
6
What is the hundreds digit of 248120273?
2
What is the units digit of 242876657?
7
What is the ten thousands digit of 41006124?
0
What is the hundred millions digit of 2077260510?
0
What is the ten millions digit of 69636039?
6
What is the hundred millions digit of 834156494?
8
What is the units digit of 6361224?
4
What is the ten thousands digit of 91900013?
0
What is the units digit of 2124838038?
8
What is the millions digit of 273841676?
3
What is the hundred millions digit of 210070207?
2
What is the units digit of 53562858?
8
What is the billions digit of 2255283710?
2
What is the ten thousands digit of 86977926?
7
What is the ten thousands digit of 358004123?
0
What is the hundreds digit of 215535964?
9
What is the thousands digit of 40061992?
1
What is the units digit of 1927930236?
6
What is the units digit of 130664833?
3
What is the thousands digit of 271845234?
5
What is the hundred thousands digit of 2777148?
7
What is the hundreds digit of 24391331?
3
What is the hundreds digit of 1496335935?
9
What is the thousands digit of 1104996464?
6
What is the millions digit of 126884818?
6
What is the billions digit of 5959774252?
5
What is the hundred millions digit of 1062620132?
0
What is the hundreds digit of 2557930930?
9
What is the units digit of 2096174006?
6
What is the hundred millions digit of 1229425922?
2
What is the millions digit of 32885877?
2
What is the units digit of 2827177981?
1
What is the hundreds digit of 120120282?
2
What is the tens digit of 227654046?
4
What is the hundreds digit of 20449